774 (base 9) to base 3.
212111
What is -1355 (base 9) in base 15?
-482
What is 107 (base 8) in base 14?
51
What is -2342 (base 5) in base 13?
-209
535 (base 11) to base 9
784
What is 397 (base 12) in base 9?
667
What is 500 (base 9) in base 7?
1116
Convert 101111 (base 2) to base 15.
32
-111101111111000 (base 2) to base 15
-960b
-753 (base 11) to base 9
-1215
2203103 (base 4) to base 16
28d3
-2a40b (base 12) to base 5
-3344324
What is -13c (base 15) in base 4?
-10122
Convert -213 (base 5) to base 11.
-53
Convert 3240 (base 11) to base 3.
12212111
Convert -20021211 (base 3) to base 13.
-2119
6819 (base 12) to base 13
533a
-74 (base 9) to base 10
-67
-254 (base 8) to base 10
-172
What is 11123001 (base 4) in base 12?
10a29
-42b (base 12) to base 4
-21203
Convert 5277 (base 8) to base 10.
2751
-1221010 (base 5) to base 12
-1155b
What is -18b2 (base 15) in base 3?
-21022212
What is 100010010 (base 2) in base 6?
1134
Convert 1004441 (base 5) to base 2.
11111101110110
What is -2148 (base 9) in base 5?
-22313
Convert -20240 (base 5) to base 2.
-10100101000
What is 156 (base 12) in base 3?
21210
What is -40004 (base 5) in base 9?
-3382
Convert -332a (base 14) to base 2.
-10001010011010
Convert -120103 (base 5) to base 14.
-1867
Convert -1220221 (base 3) to base 8.
-2572
-344c (base 15) to base 12
-6509
What is -2213 (base 5) in base 8?
-464
Convert 1a7 (base 16) to base 7.
1143
-6475 (base 9) to base 11
-3643
What is 36130 (base 8) in base 15?
489d
Convert -493 (base 11) to base 3.
-210201
What is 120 (base 12) in base 6?
440
What is -1440142 (base 5) in base 14?
-b26c
20022131 (base 4) to base 10
33437
-e2 (base 16) to base 15
-101
What is -10665 (base 7) in base 13?
-132c
-129 (base 13) to base 14
-108
-beb (base 16) to base 11
-2324
What is -de (base 16) in base 15?
-ec
Convert 221304 (base 6) to base 15.
5717
11258 (base 11) to base 4
3332111
291 (base 14) to base 13
30c
Convert 2110221 (base 3) to base 9.
2427
Convert 2daa (base 16) to base 13.
5423
Convert -52561 (base 7) to base 6.
-140031
-130041 (base 5) to base 7
-20432
Convert -64544 (base 9) to base 16.
-a6e7
What is -1c32 (base 15) in base 14?
-2334
What is -105256 (base 7) in base 8?
-44345
What is -606 (base 9) in base 12?
-350
-136 (base 7) to base 4
-1030
26a3 (base 14) to base 6
51303
-459b (base 14) to base 2
-10111100111101
732 (base 15) to base 8
3126
Convert -110121 (base 4) to base 3.
-1210100
1400 (base 8) to base 9
1043
Convert -703 (base 12) to base 11.
-83a
-113244 (base 6) to base 2
-10011001011100
Convert -74c4 (base 15) to base 10.
-24709
What is -159b (base 12) in base 14?
-d15
-113602 (base 7) to base 11
-14477
1851 (base 10) to base 3
2112120
-100 (base 3) to base 2
-1001
What is -3206 (base 7) in base 8?
-2155
Convert -787 (base 14) to base 2.
-10111010011
Convert a5 (base 11) to base 2.
1110011
What is -11555 (base 6) in base 15?
-7a2
What is 40a17 (base 12) in base 6?
1450431
Convert -2313103 (base 5) to base 7.
-232303
Convert -549a (base 16) to base 15.
-663d
Convert 210 (base 4) to base 12.
30
What is 735 (base 10) in base 14?
3a7
-11332130 (base 4) to base 11
-17431
What is -3301222 (base 4) in base 12?
-8b4a
Convert -a8 (base 12) to base 7.
-242
-201220122 (base 3) to base 11
-a9a7
Convert -5278 (base 11) to base 9.
-10517
-2c6 (base 13) to base 9
-615
What is 4a (base 14) in base 15?
46
What is -320062 (base 7) in base 3?
-2210210221
What is 24b (base 15) in base 13?
311
112 (base 11) to base 15
8e
What is 11344 (base 6) in base 16?
670
What is -1000202002 (base 3) in base 10?
-20225
2391 (base 15) to base 2
1110110001001
Convert 111033 (base 5) to base 12.
2305
What is 4101 (base 5) in base 13?
316
What is -2011011120 (base 3) in base 10?
-42405
Convert 5211 (base 10) to base 8.
12133
121101 (base 3) to base 8
672
Convert 54 (base 16) to base 8.
124
Convert 1100000101111101 (base 2) to base 14.
140a1
What is 8089 (base 12) in base 6?
144253
2858 (base 10) to base 16
b2a
What is 3633 (base 15) in base 11?
8726
Convert -266 (base 11) to base 8.
-472
-2212201 (base 4) to base 13
-4b0a
1a0 (base 15) to base 11
311
-20000102 (base 3) to base 9
-6012
What is -110220 (base 3) in base 5?
-2343
What is 6179 (base 15) in base 9?
31216
What is 18c2 (base 13) in base 16?
e7b
What is -4435 (base 6) in base 15?
-48b
-446 (base 13) to base 10
-734
What is -ba (base 12) in base 8?
-216
Convert -11125 (base 7) to base 2.
-101011111100
6667 (base 12) to base 14
419d
What is 322 (base 6) in base 9?
145
30421 (base 5) to base 6
13110
Convert 2f5 (base 16) to base 12.
531
What is -4745 (base 8) in base 5?
-40113
Convert -324532 (base 6) to base 9.
-41012
What is -3592 (base 11) in base 12?
-2877
What is -110110 (base 3) in base 2?
-101010000
Convert 14a4 (base 13) to base 3.
11010101
Convert 1205135 (base 6) to base 14.
1912b
Convert 818 (base 11) to base 5.
12422
-10010001100 (base 2) to base 9
-1533
-2973 (base 15) to base 10
-8883
-55154 (base 7) to base 8
-32760
What is 12341 (base 6) in base 12?
10b1
What is -804 (base 9) in base 11?
-543
2678 (base 9) to base 10
2015
What is 361 (base 9) in base 13?
19c
Convert -e8 (base 15) to base 2.
-11011010
What is 513 (base 6) in base 16?
bd
38954 (base 11) to base 10
55719
15552 (base 6) to base 12
15b8
What is -1013320 (base 5) in base 11?
-11611
Convert -214 (base 5) to base 13.
-47
What is -674a (base 11) in base 10?
-8887
3881 (base 10) to base 4
330221
-2194 (base 10) to base 13
-cca
What is 802 (base 9) in base 15?
2d5
What is 24a7 (base 13) in base 4?
1101113
What is -433 (base 9) in base 10?
-354
-1120212 (base 3) to base 2
-10010000101
What is 2293 (base 11) in base 14?
114a
What is -db7 (base 15) in base 12?
-1961
What is 13303 (base 4) in base 8?
763
What is 2311013 (base 5) in base 3?
2002202201
Convert 11010111111011 (base 2) to base 11.
a423
What is -561c (base 13) in base 15?
-3869
Convert -334 (base 13) to base 9.
-671
What is -4000 (base 5) in base 11?
-415
What is 3049 (base 14) in base 5?
231142
Convert -2110122 (base 3) to base 4.
-130013
682 (base 10) to base 9
837
10022 (base 4) to base 2
100001010
What is 22b1 (base 16) in base 3?
110011221
What is 10443 (base 6) in base 4?
112323
What is 110200 (base 3) in base 13?
204
5426 (base 10) to base 4
1110302
Convert -4a5 (base 15) to base 5.
-13210
Convert -10406 (base 7) to base 4.
-220223
Convert -616 (base 8) to base 14.
-206
Convert -60203 (base 7) to base 3.
-201220022
Convert -6aa2 (base 11) to base 5.
-244213
Convert -52511 (base 10) to base 5.
-3140021
961 (base 14) to base 7
5251
Convert 10311 (base 11) to base 10.
15016
-15560 (base 7) to base 6
-32215
-1020 (base 3) to base 6
-53
16888 (base 12) to base 14
bb16
What is 220122 (base 3) in base 2?
1010011001
What is 20165 (base 8) in base 9?
12352
What is 21342 (base 5) in base 12?
a28
Convert 3132221 (base 4) to base 2.
11011110101001
120 (base 9) to base 15
69
310221 (base 4) to base 15
ee9
269 (base 15) to base 4
20211
Convert -1167 (base 9) to base 14.
-463
10022 (base 5) to base 14
337
Convert -1333310 (base 4) to base 9.
-12188
What is 233304 (base 5) in base 16?
2183
-3522 (base 6) to base 14
-442
Convert -2100332 (base 4) to base 7.
-36023
Convert 3a20 (base 14) to base 5.
311340
What is -1152 (base 8) in base 6?
-2510
Convert -13132321 (base 4) to base 13.
-10c48
2362 (base 16) to base 14
3430
Convert 1524 (base 13) to base 10.
3072
15544 (base 8) to base 5
211022
-980 (base 10) to base 15
-455
Convert -341 (base 6) to base 16.
-85
10011000101101001 (base 2) to base 15
18275
Convert 1123 (base 5) to base 13.
c7
Convert 3569 (base 14) to base 15.
2b55
1708 (base 10) to base 6
11524
Convert 114224 (base 7) to base 15.
61eb
310 (base 9) to base 10
252
49 (base 16) to base 12
61
Convert 852 (base 16) to base 3.
2220220
What is -265 (base 15) in base 7?
-1406
16051 (base 14) to base 6
1102223
Convert -85aa (base 16) to base 10.
-34218
3011021 (base 4) to base 15
3b12
-110010110 (base 2) to base 10
-406
What is 6656 (base 9) in base 7?
20214
Convert c63 (base 14) to base 5.
34224
What is 101010011010 (base 2) in base 9?
3645
10c2 (base 13) to base 12
1443
Convert -303544 (base 7) to base 6.
-1035251
361 (base 7) to base 10
190
What is -961 (base 11) in base 10?
-1156
Convert -315 (base 7) to base 6.
